 is the remainder when 55087 is divided by 40?
7
What is the remainder when 459384 is divided by 139?
128
What is the remainder when 141239 is divided by 12?
11
Calculate the remainder when 64864 is divided by 4631.
30
Calculate the remainder when 4107669 is divided by 83.
82
What is the remainder when 1723 is divided by 887?
836
Calculate the remainder when 99805 is divided by 1386.
13
What is the remainder when 8094 is divided by 239?
207
Calculate the remainder when 53816 is divided by 299.
295
Calculate the remainder when 14284 is divided by 3558.
52
Calculate the remainder when 22070 is divided by 27.
11
Calculate the remainder when 15421 is divided by 15352.
69
Calculate the remainder when 9295 is divided by 56.
55
Calculate the remainder when 1839 is divided by 617.
605
What is the remainder when 1694 is divided by 107?
89
Calculate the remainder when 1213417 is divided by 41.
22
What is the remainder when 141288 is divided by 3718?
4
What is the remainder when 9850 is divided by 656?
10
What is the remainder when 13712 is divided by 1714?
0
What is the remainder when 4893 is divided by 121?
53
Calculate the remainder when 2470 is divided by 353.
352
What is the remainder when 3234 is divided by 334?
228
Calculate the remainder when 48838 is divided by 12191.
74
Calculate the remainder when 979498 is divided by 1306.
1304
What is the remainder when 6164 is divided by 1623?
1295
Calculate the remainder when 103664 is divided by 34544.
32
What is the remainder when 2816 is divided by 23?
10
What is the remainder when 83026 is divided by 27660?
46
Calculate the remainder when 20149 is divided by 1.
0
What is the remainder when 584471 is divided by 29223?
11
What is the remainder when 36958 is divided by 308?
306
What is the remainder when 6787 is divided by 692?
559
Calculate the remainder when 103136 is divided by 17.
14
Calculate the remainder when 111146 is divided by 469.
462
Calculate the remainder when 34968 is divided by 130.
128
What is the remainder when 12421 is divided by 649?
90
What is the remainder when 1695 is divided by 270?
75
What is the remainder when 9852 is divided by 53?
47
Calculate the remainder when 90532 is divided by 666.
622
Calculate the remainder when 836 is divided by 106.
94
Calculate the remainder when 1403 is divided by 1395.
8
What is the remainder when 2854 is divided by 933?
55
Calculate the remainder when 13542 is divided by 1012.
386
What is the remainder when 732872 is divided by 25?
22
What is the remainder when 12252 is divided by 351?
318
What is the remainder when 9334 is divided by 246?
232
Calculate the remainder when 9349 is divided by 339.
196
Calculate the remainder when 6775 is divided by 27.
25
What is the remainder when 126476 is divided by 120?
116
Calculate the remainder when 169143 is divided by 1343.
1268
What is the remainder when 4480 is divided by 2237?
6
Calculate the remainder when 47105 is divided by 104.
97
Calculate the remainder when 416 is divided by 388.
28
Calculate the remainder when 41600 is divided by 199.
9
Calculate the remainder when 8128 is divided by 341.
285
What is the remainder when 27132 is divided by 5267?
797
Calculate the remainder when 1752 is divided by 863.
26
Calculate the remainder when 37597 is divided by 6264.
13
What is the remainder when 78789 is divided by 11255?
4
What is the remainder when 6682 is divided by 406?
186
Calculate the remainder when 7645 is divided by 255.
250
Calculate the remainder when 1074 is divided by 1021.
53
What is the remainder when 401446 is divided by 350?
346
What is the remainder when 59649 is divided by 2839?
30
Calculate the remainder when 100081 is divided by 33358.
7
What is the remainder when 9555 is divided by 354?
351
What is the remainder when 135428 is divided by 574?
538
What is the remainder when 368897 is divided by 5?
2
What is the remainder when 8607 is divided by 139?
128
Calculate the remainder when 1765 is divided by 14.
1
What is the remainder when 184702 is divided by 592?
590
What is the remainder when 1072 is divided by 494?
84
What is the remainder when 7274 is divided by 181?
34
Calculate the remainder when 77769 is divided by 1524.
45
Calculate the remainder when 1208 is divided by 291.
44
Calculate the remainder when 19646 is divided by 289.
283
Calculate the remainder when 6900 is divided by 2300.
0
What is the remainder when 3518 is divided by 31?
15
Calculate the remainder when 186200 is divided by 37236.
20
What is the remainder when 4483 is divided by 1395?
298
Calculate the remainder when 8496 is divided by 26.
20
What is the remainder when 3190 is divided by 432?
166
Calculate the remainder when 3725 is divided by 930.
5
Calculate the remainder when 8036 is divided by 8012.
24
What is the remainder when 41427 is divided by 8280?
27
Calculate the remainder when 1094 is divided by 138.
128
Calculate the remainder when 357874 is divided by 301.
286
What is the remainder when 23956 is divided by 9?
7
Calculate the remainder when 134594 is divided by 162.
134
What is the remainder when 5179 is divided by 6?
1
Calculate the remainder when 317620 is divided by 46.
36
What is the remainder when 22972 is divided by 32?
28
What is the remainder when 5824 is divided by 1381?
300
What is the remainder when 274 is divided by 110?
54
Calculate the remainder when 511 is divided by 48.
31
Calculate the remainder when 21750 is divided by 2.
0
What is the remainder when 1226 is divided by 341?
203
What is the remainder when 28002 is divided by 6848?
610
Calculate the remainder when 10417 is divided by 946.
11
Calculate the remainder when 1886 is divided by 308.
38
Calculate the remainder when 1285503 is divided by 102.
99
Calculate the remainder when 5898148 is divided by 102.
100
What is the remainder when 30919 is divided by 17?
13
Calculate the remainder when 554 is divided by 271.
12
What is the remainder when 4401 is divided by 1117?
1050
What is the remainder when 15640 is divided by 129?
31
Calculate the remainder when 118418 is divided by 20.
18
Calculate the remainder when 35453 is divided by 17.
8
What is the remainder when 17763 is divided by 2535?
18
What is the remainder when 14955 is divided by 208?
187
What is the remainder when 86020 is divided by 185?
180
Calculate the remainder when 3972 is divided by 188.
24
Calculate the remainder when 2056 is divided by 175.
131
What is the remainder when 234483 is divided by 895?
888
Calculate the remainder when 2017 is divided by 199.
27
Calculate the remainder when 513041 is divided by 72.
41
What is the remainder when 8057067 is divided by 1566?
1563
What is the remainder when 14100 is divided by 608?
116
Calculate the remainder when 21454 is divided by 6.
4
Calculate the remainder when 4144947 is divided by 1510.
1507
What is the remainder when 1398 is divided by 223?
60
What is the remainder when 268756 is divided by 189?
187
What is the remainder when 174170 is divided by 19?
16
What is the remainder when 31380 is divided by 31201?
179
What is the remainder when 408975 is divided by 2556?
15
Calculate the remainder when 529 is divided by 41.
37
Calculate the remainder when 175012 is divided by 355.
352
What is the remainder when 342553 is divided by 118?
117
Calculate the remainder when 4632 is divided by 486.
258
Calculate the remainder when 977 is divided by 266.
179
Calculate the remainder when 26844 is divided by 88.
4
What is the remainder when 9482 is divided by 588?
74
What is the remainder when 93942 is divided by 6?
0
Calculate the remainder when 438309 is divided by 1191.
21
What is the remainder when 51863 is divided by 30?
23
Calculate the remainder when 677 is divided by 670.
7
What is the remainder when 308 is divided by 256?
52
Calculate the remainder when 4213 is divided by 162.
1
What is the remainder when 1348143 is divided by 9?
6
What is the remainder when 14033 is divided by 41?
11
What is the remainder when 84425 is divided by 202?
191
What is the remainder when 7654 is divided by 51?
4
Calculate the remainder when 50707 is divided by 115.
107
Calculate the remainder when 1494 is divided by 483.
45
What is the remainder when 14099 is divided by 13911?
188
What is the remainder when 10727 is divided by 255?
17
What is t